
617
Calculate the remainder when 263238 is divided by 141.
132
Calculate the remainder when 6416 is divided by 3207.
2
What is the remainder when 202198 is divided by 1037?
1020
Calculate the remainder when 1015808 is divided by 21.
17
Calculate the remainder when 93316 is divided by 126.
76
Calculate the remainder when 41051 is divided by 1785.
1781
What is the remainder when 120017 is divided by 2034?
11
Calculate the remainder when 16534 is divided by 689.
687
Calculate the remainder when 125437 is divided by 865.
12
Calculate the remainder when 65536 is divided by 13081.
131
Calculate the remainder when 656267 is divided by 418.
7
What is the remainder when 199536 is divided by 907?
903
Calculate the remainder when 5538497 is divided by 24.
17
Calculate the remainder when 5702 is divided by 2793.
116
Calculate the remainder when 7843 is divided by 1630.
1323
Calculate the remainder when 80305 is divided by 17.
14
What is the remainder when 66689 is divided by 131?
10
Calculate the remainder when 37770 is divided by 101.
97
What is the remainder when 2261 is divided by 172?
25
What is the remainder when 3088 is divided by 38?
10
What is the remainder when 719 is divided by 172?
31
Calculate the remainder when 82485 is divided by 24.
21
Calculate the remainder when 65414 is divided by 15.
14
What is the remainder when 442168 is divided by 10?
8
What is the remainder when 1085 is divided by 41?
19
What is the remainder when 26062 is divided by 56?
22
Calculate the remainder when 14506 is divided by 2899.
11
Calculate the remainder when 24846 is divided by 4968.
6
Calculate the remainder when 28222 is divided by 22.
18
What is the remainder when 28642 is divided by 387?
4
Calculate the remainder when 88242 is divided by 37.
34
Calculate the remainder when 125317 is divided by 819.
10
What is the remainder when 386970 is divided by 211?
207
What is the remainder when 5644 is divided by 401?
30
What is the remainder when 149730 is divided by 255?
45
Calculate the remainder when 52777 is divided by 26.
23
What is the remainder when 2290 is divided by 519?
214
What is the remainder when 320 is divided by 167?
153
What is the remainder when 1862319 is divided by 609?
606
What is the remainder when 3572 is divided by 255?
2
Calculate the remainder when 8832 is divided by 1621.
727
What is the remainder when 36194 is divided by 7238?
4
Calculate the remainder when 154759 is divided by 530.
529
What is the remainder when 8275 is divided by 441?
337
What is the remainder when 62806 is divided by 347?
346
What is the remainder when 1915 is divided by 740?
435
Calculate the remainder when 2234 is divided by 16.
10
What is the remainder when 3529 is divided by 1760?
9
Calculate the remainder when 16292084 is divided by 71.
69
What is the remainder when 13087 is divided by 396?
19
What is the remainder when 25306 is divided by 8433?
7
What is the remainder when 26817 is divided by 547?
14
Calculate the remainder when 13065 is divided by 92.
1
Calculate the remainder when 213167 is divided by 137.
132
What is the remainder when 60571 is divided by 5047?
7
What is the remainder when 189519 is divided by 475?
469
Calculate the remainder when 6963 is divided by 108.
51
Calculate the remainder when 69378 is divided by 3467.
38
Calculate the remainder when 23147 is divided by 130.
7
Calculate the remainder when 3427 is divided by 309.
28
Calculate the remainder when 295 is divided by 95.
10
Calculate the remainder when 19429 is divided by 3885.
4
Calculate the remainder when 24254 is divided by 114.
86
What is the remainder when 1227047 is divided by 22?
19
What is the remainder when 13445 is divided by 80?
5
What is the remainder when 183557 is divided by 260?
257
What is the remainder when 8163 is divided by 3?
0
Calculate the remainder when 41181 is divided by 895.
11
What is the remainder when 1481 is divided by 292?
21
What is the remainder when 46932 is divided by 46918?
14
Calculate the remainder when 1042 is divided by 1014.
28
Calculate the remainder when 1312926 is divided by 1424.
1422
Calculate the remainder when 2868 is divided by 219.
21
Calculate the remainder when 265 is divided by 32.
9
Calculate the remainder when 985 is divided by 45.
40
Calculate the remainder when 53715 is divided by 53678.
37
What is the remainder when 129331 is divided by 102?
97
What is the remainder when 154106 is divided by 137?
118
Calculate the remainder when 331 is divided by 152.
27
What is the remainder when 118094 is divided by 64?
14
Calculate the remainder when 7671 is divided by 320.
311
What is the remainder when 53192 is divided by 1135?
982
Calculate the remainder when 17446 is divided by 2.
0
Calculate the remainder when 24939 is divided by 52.
31
Calculate the remainder when 73000 is divided by 34.
2
What is the remainder when 71595 is divided by 324?
315
What is the remainder when 303 is divided by 128?
47
Calculate the remainder when 341420 is divided by 32.
12
Calculate the remainder when 1108 is divided by 2.
0
Calculate the remainder when 6171 is divided by 1209.
126
Calculate the remainder when 4851 is divided by 30.
21
Calculate the remainder when 8950 is divided by 8937.
13
Calculate the remainder when 17431 is divided by 2905.
1
Calculate the remainder when 1079196 is divided by 89932.
12
What is the remainder when 174928 is divided by 170?
168
What is the remainder when 3434 is divided by 164?
154
What is the remainder when 138586 is divided by 23095?
16
What is the remainder when 9422 is divided by 4705?
12
What is the remainder when 496263 is divided by 712?
711
Calculate the remainder when 1543 is divided by 414.
301
Calculate the remainder when 113383 is divided by 387.
379
What is the remainder when 41216 is divided by 24?
8
What is the remainder when 54966 is divided by 37?
21
Calculate the remainder when 7251 is divided by 7068.
183
Calculate the remainder when 19817 is divided by 5.
2
What is the remainder when 33453 is divided by 51?
48
Calculate the remainder when 380923 is divided by 2.
1
Calculate the remainder when 81397 is divided by 50.
47
Calculate the remainder when 1206067 is divided by 120606.
7
What is the remainder when 256784 is divided by 252?
248
What is the remainder when 46062 is divided by 485?
472
What is the remainder when 28039 is divided by 798?
109
What is the remainder when 834 is divided by 311?
212
Calculate the remainder when 2133 is divided by 209.
43
What is the remainder when 2045 is divided by 57?
50
Calculate the remainder when 59455 is divided by 279.
28
What is the remainder when 153383 is divided by 542?
539
What is the remainder when 12174 is divided by 210?
204
Calculate the remainder when 1186775 is divided by 193.
18
What is the remainder when 86005 is divided by 104?
101
Calculate the remainder when 1041 is divided by 570.
471
What is the remainder when 20991 is divided by 3366?
795
Calculate the remainder when 21374 is divided by 388.
34
Calculate the remainder when 1095 is divided by 195.
120
What is the remainder when 2492 is divided by 1138?
216
What is the remainder when 21413 is divided by 70?
63
What is the remainder when 1093 is divided by 233?
161
What is the remainder when 2456639 is divided by 480?
479
Calculate the remainder when 15502 is divided by 419.
418
Calculate the remainder when 93511 is divided by 33.
22
What is the remainder when 7449 is divided by 215?
139
What is the remainder when 21019 is divided by 44?
31
Calculate the remainder when 26673 is divided by 8891.
0
What is the remainder when 30534 is divided by 263?
26
Calculate the remainder when 7790535 is divided by 104.
103
Calculate the remainder when 4836 is divided by 79.
17
What is the remainder when 661 is divided by 400?
261
What is the remainder when 4045 is divided by 255?
220
What is the remainder when 7062 is divided by 181?
3
What is the remainder when 1164 is divided by 250?
164
What is the remainder when 8711329 is divided by 14?
11
Calculate the remainder when 26405 is divided by 2394.
71
Calculate the remainder when 2038 is divided by 503.
26
Calculate the remainder when 302030 is divided by 1756.
1754
Calculate the remainder when 505757 is divided by 250.
7
What is the remainder when 13945 is divided